515479 a prime number?
True
Is 5127153557 a prime number?
True
Is 11271609809 a composite number?
False
Is 916489883 a prime number?
False
Is 1248868001 a composite number?
False
Is 15422420159 composite?
False
Is 222024041 composite?
True
Is 95155635727 a prime number?
False
Is 37220576439 prime?
False
Is 3369315757 composite?
False
Is 1287753097 a composite number?
False
Is 779199263 prime?
False
Is 5331288799 composite?
False
Is 283116271 a composite number?
False
Is 1043080301 a prime number?
True
Is 378600436111 a prime number?
True
Is 1275144079 composite?
True
Is 97449135851 a composite number?
False
Is 16112475427 a composite number?
False
Is 729122161 composite?
True
Is 850764787 a prime number?
False
Is 89915079 composite?
True
Is 194461165 prime?
False
Is 29671877 a prime number?
False
Is 5915145773 a composite number?
True
Is 12517864987 prime?
False
Is 289062169537 a composite number?
False
Is 18524364349 a composite number?
False
Is 3400124437 a composite number?
False
Is 283844651 composite?
True
Is 25727291267 a prime number?
True
Is 25907085847 composite?
True
Is 2311211326 a composite number?
True
Is 1048042433 composite?
True
Is 7559463277 composite?
True
Is 1050955117 a prime number?
False
Is 133254994471 prime?
True
Is 778713049 a composite number?
False
Is 404492687 a composite number?
False
Is 16371985877 composite?
True
Is 128328715 prime?
False
Is 32399911559 prime?
False
Is 356016697 prime?
False
Is 663771337 a prime number?
False
Is 1201229737 a prime number?
True
Is 13993710397 prime?
False
Is 87366070783 composite?
False
Is 1800851219 a composite number?
True
Is 645474773 prime?
True
Is 12246173579 prime?
True
Is 110944845169 prime?
True
Is 1078132373 a prime number?
False
Is 197416951133 prime?
True
Is 890127229 a prime number?
False
Is 59419605269 a composite number?
False
Is 423922531 prime?
True
Is 53756214563 prime?
False
Is 1541204629 composite?
False
Is 145478581 a composite number?
False
Is 3237189409 prime?
False
Is 5586214979 prime?
True
Is 8082305111 a composite number?
True
Is 368947759 a composite number?
False
Is 150342349 a prime number?
True
Is 998477297 a composite number?
False
Is 48696208369 prime?
True
Is 708912913 composite?
False
Is 14944453151 composite?
True
Is 630392729 prime?
False
Is 1093398203 prime?
True
Is 93315281 prime?
True
Is 3651927115 prime?
False
Is 217452469111 prime?
True
Is 1171816501 prime?
True
Is 3730118433 a composite number?
True
Is 149184536057 a prime number?
True
Is 22469456267 composite?
False
Is 50198608007 prime?
False
Is 3363283193 a composite number?
False
Is 1480206179 composite?
False
Is 35824561705 a composite number?
True
Is 9443547863 composite?
True
Is 9043997617 a composite number?
False
Is 19424961419 a composite number?
False
Is 840330679 composite?
True
Is 14822067877 a composite number?
True
Is 13784188307 a prime number?
True
Is 387456371 prime?
True
Is 5907638447 a prime number?
False
Is 1805878819 composite?
False
Is 1211078207 composite?
False
Is 139932343 a prime number?
True
Is 8611246081 composite?
True
Is 478361371 prime?
False
Is 3593593343 composite?
True
Is 242748949 prime?
True
Is 4330394131 a prime number?
False
Is 21865895567 prime?
False
Is 2586863693 a prime number?
True
Is 786496829 composite?
False
Is 44593326809 composite?
False
Is 502430891 a prime number?
True
Is 53806080203 prime?
False
Is 96185293979 composite?
False
Is 571308469 composite?
True
Is 256279 a prime number?
True
Is 788668537 prime?
True
Is 1314997601 a prime number?
False
Is 19772920841 a prime number?
True
Is 1248241663 prime?
True
Is 40433333 prime?
False
Is 987780199 a composite number?
True
Is 657420557 a prime number?
True
Is 2104584611 a composite number?
False
Is 104572511 composite?
True
Is 525698321 a prime number?
True
Is 35165447573 a prime number?
False
Is 7057180111 composite?
False
Is 31298986999 prime?
False
Is 470828557 prime?
False
Is 19170473789 prime?
True
Is 16537972511 prime?
True
Is 21767764253 a composite number?
False
Is 1687871759 a prime number?
False
Is 8343747887 prime?
False
Is 8175177959 a composite number?
True
Is 4235561807 prime?
False
Is 1864241018 composite?
True
Is 5222362007 a prime number?
True
Is 995081627 a composite number?
False
Is 68673402439 a composite number?
False
Is 6341088209 a prime number?
True
Is 588904417 a prime number?
True
Is 1849513879 a prime number?
False
Is 4496975411 a prime number?
False
Is 2111471149 prime?
True
Is 206673777542 prime?
False
Is 9460310861 a composite number?
False
Is 761450561 a composite number?
False
Is 6200461919 prime?
False
Is 11453401651 a prime number?
True
Is 467570503 a prime number?
False
Is 39848380679 composite?
True
Is 61032840857 a composite number?
True
Is 37244808709 a prime number?
True
Is 23335920254 prime?
False
Is 9882097441 composite?
True
Is 28510786427 a composite number?
False
Is 1552657423 composite?
True
Is 22766437867 a prime number?
True
Is 6848299015 prime?
False
Is 22505042429 a composite number?
True
Is 3101975813 a composite number?
False
Is 1101062063 prime?
False
Is 1331273311 a prime number?
True
Is 858914669 a prime number?
True
Is 2790144667 prime?
False
Is 1865781023 prime?
True
Is 31131679 a prime number?
True
Is 126858610381 a composite number?
False
Is 143284983887 a composite number?
False
Is 3931793509 composite?
True
Is 107919728233 a prime number?
False
Is 7243153117 composite?
True
Is 1376360539 a composite number?
True
Is 19078259287 a composite number?
True
Is 1790080577 a composite number?
False
Is 34620319 prime?
True
Is 81285973 a prime number?
True
Is 2016969023 prime?
False
Is 99490821457 a composite number?
False
Is 513684971 a composite number?
True
Is 2734539887 a composite number?
False
Is 92980679521 a prime number?
False
Is 34047447671 a prime number?
False
Is 10746986477 a composite number?
False
Is 1587759313 composite?
True
Is 1116130567 prime?
False
Is 24352761527 a prime number?
True
Is 122774087 a prime number?
True
Is 11494801907 composite?
False
Is 987337891 a composite number?
False
Is 88153480871 a prime number?
True
Is 705613861 composite?
False
Is 56119817459 composite?
False
Is 3523398983 prime?
False
Is 271714153 prime?
False
Is 8256401913 prime?
False
Is 508705531 a composite number?
True
Is 3919993601 a composite number?
True
Is 6944189657 composite?
False
Is 16066723009 composite?
True
Is 677620259 composite?
True
Is 4728463247 a prime number?
False
Is 322168501 composite?
True
Is 35192876057 a prime number?
False
Is 9540079963 a composite number?
True
Is 2632599023 a prime number?
True
Is 4566676823 a composite number?
False
Is 4228890799 a composite number?
True
Is 316636289 a composite number?
True
Is 2115882887 prime?
True
Is 1003693529 a composite number?
True
Is 138511487 prime?
True
Is 12885240839 a composite number?
False
Is 5886733103 prime?
False
Is 955638361 a composite number?
True
Is 603962807 a composite number?
True
Is 6963474449 a composite number?
False
Is 1485545587 a prime number?
False
Is 176539043 a composite number?
False
Is 112280419663 a prime number?
True
Is 2781237287 prime?
True
Is 3833950559 a prime number?
False
Is 35391397 prime?
False
Is 300321943 a composite number?
True
Is 647892643 prime?
True
Is 109444814009 composite?
False
Is 1213096673 prime?
False
Is 8149739957 composite?
False
Is 1488868529 a prime number?
False
Is 164364341 composite?
True
Is 79179977567 a composite number?
False
Is 1481615339 prime?
True
Is 10268823911 a composite number?
False
Is 20538173333 composite?
True
Is 127543793043 a prime number?
False
Is 73176273733 a prime number?
True
Is 19464671 a prime number?
True
Is 11374811869 a prime number?
True
Is 45637067653 a prime number?
True
Is 9383196533 a composite number?
True
Is 1496826443 prime?
False
Is 7654370665 prime?
False
Is 10434402269 a prime number?
True
Is 736368293 a composite number?
True
Is 8154527957 prime?
True
Is 394277757 composite?
True
Is 48558494449 prime?
False
Is 10889629187 a composite number?
True
Is 3054907079 a composite number?
True
Is 213630905 a composite number?
True
Is 509253847 a composite number?
True
Is 666991217 prime?
True
Is 475662211 a prime number?
True
Is 55109234549 a composite number?
False
Is 3350070623 composit